14 - 1 = l + c*w. What is d(l)?
1
Let g be (-22)/(-120) - (-1)/(-6). Let x(j) be the third derivative of -1/12*j**4 + g*j**5 + j**2 - 1/6*j**3 + 0 + 0*j. Give x(-1).
2
Let u(p) = 20*p**2 + 2*p + 2. Let v be u(-3). Let n be v/(-28) + (-4)/(-14). Let k(a) = -a**3 - 7*a**2 - 7*a + 1. What is k(n)?
7
Let q be (-7)/28 + (-33)/12. Let m(g) = -2*g**2 - g + 2. Give m(q).
-13
Let v(h) = -h**2 + 3*h + 3. Let r be -5 + 3 - -4 - 4. Let b be r*10*2/(-8). Give v(b).
-7
Let i(c) be the first derivative of 8 + 2*c**2 - 1/3*c**3 - 4*c. Give i(3).
-1
Suppose 3*k + m = 4*m, 4*k - 15 = -m. Suppose -a - 1 = -k. Let d(h) = 5*h**2 - h**a - 6*h**2 + 0 - 1. What is d(1)?
-3
Let c(p) = -3*p**2 - 5*p**2 - 4*p - p**2 + 2*p**2 - p**3 - 10. Determine c(-7).
18
Let c(b) = b + 6. Let r(g) = g + 5. Let s(q) = 6*c(q) - 5*r(q). Let l = 7 - 12. Give s(l).
6
Let w(k) be the first derivative of 32*k**2 - 2 - 3*k - 3*k - 31*k**2 + 1. Determine w(5).
4
Let i be (-50)/(-8) - 1/4. Suppose -h = i - 0. Let p(u) = -u**2 - 4*u + 7. Let l be p(h). Let q(r) = -r**2 - 4*r + 1. Determine q(l).
-4
Let z = 1 - -3. Let n = z - 4. Suppose 0 = 5*w + 2*p - 15, 0 = 2*w - p - n - 6. Let r(l) = -l - 3. Determine r(w).
-6
Let a(g) be the third derivative of -g**5/60 - g**4/6 + g**3/2 - 19*g**2. What is a(-5)?
-2
Let o = -2 - -4. Suppose 5*y = -h + 30 + 9, -8 = -o*h. Let k(j) = -j + y + 5 - 2. Calculate k(0).
10
Let j = -34 + 34. Let a(u) be the third derivative of 1/6*u**3 + 0*u + u**2 - 1/30*u**5 + 0 - 1/60*u**6 + j*u**4. What is a(1)?
-3
Let v(c) = -6*c + 2. Let z(r) = -5*r + 3. Let a(w) = -3*v(w) + 2*z(w). Let i(h) = -h**3 - 11*h**2 - 10*h - 1. Let k be i(-10). What is a(k)?
-8
Suppose 5*s + 15 = -5*r, 2 = -0*s + 2*s. Let v be 5/4 + 1/r. Let d(w) = -13 - w + 13. Give d(v).
-1
Suppose 3*i - 36 = -i. Let n = 16 - i. Let k(y) = n*y + 1 - y - 3*y. Calculate k(-1).
-2
Suppose 2*v + 8 = 0, 0 - 40 = -4*k - 5*v. Let g be (-1)/(-6)*2*k. Let f(m) = m**2 - 5*m - 1 - 10*m + 9*m. Calculate f(g).
-6
Let o = -5 - -8. Let k(y) = 5 + 0 - y - 2. What is k(o)?
0
Let u = -14 - -9. Let h(l) = -5*l + 3*l**2 - 4*l**2 + 0*l**2 + 2. Give h(u).
2
Let y(x) = 58*x**2 - 3 - 121*x**2 + 62*x**2 - 5*x. Calculate y(-3).
3
Suppose 4*p = -3*r + 23, 3*r - 24 = -4*p - r. Let d(w) = 15*w - p - 5 + 11 - 3*w. What is d(-1)?
-11
Let h(o) = -o**3 - 5*o**2 + 5*o - 6. Let i be h(-6). Let d(x) = -x**3 + 2. Give d(i).
2
Let u(z) be the third derivative of -z**6/120 - z**5/20 + z**4/6 - 2*z**3/3 + 3*z**2. Calculate u(-4).
-4
Suppose -v - 4*f = 12 + 12, f + 21 = -4*v. Let a(s) be the first derivative of -s**3 + 2*s**2 + 6*s + 6 - 1/4*s**4. Calculate a(v).
6
Let t be 1/(1/(-1)) - -1. Let n(d) = 2*d. Suppose 2*p + 8 = -2*m, 6*m = p + 4*m - 5. Let j(o) = o. Let b(g) = p*j(g) + n(g). Calculate b(t).
0
Let b(v) = 6*v**2 + v + 8. Let t(i) = -5*i**2 - 2*i - 7. Let s(o) = -o**3 - 2*o**2 - o + 2. Let l be s(-2). Let a(h) = l*b(h) + 5*t(h). Calculate a(-5).
2
Let o(n) be the second derivative of -n**4/12 + n**3 - n**2/2 + 3*n. What is o(5)?
4
Suppose -4*r - h - h = -2, 3*h = -2*r - 9. Let c(l) = -l**3 + 4*l**2 - 3*l + 3. Let y be c(r). Let a(x) = x**2 - 5*x - 1. What is a(y)?
-7
Suppose 2 = l - 0*l. Let k(a) = 4*a**2 - 3*a**2 - 7 - 3*a + a**3 - 5*a**2 - l*a. Determine k(5).
-7
Suppose -2*c - 5*v = 3*c + 25, -3*c = -2*v. Let j(t) = 4*t + 2. Determine j(c).
-6
Let d(u) = 171*u**2 + 5 - 81*u**2 - 89*u**2 + 7*u. Give d(-7).
5
Let m(f) = -2*f - 1. Let k(s) = s - 2. Let l be k(2). Suppose -n + 2 = -l*n. Determine m(n).
-5
Let v(r) = -6*r + 4. Let u(y) = -y + 1. Let s(g) = 11*u(g) - 2*v(g). Determine s(-2).
1
Let t(z) = -4*z - z + 13*z. What is t(-1)?
-8
Let c(f) = 6*f - 1. Let n(j) = j**2 + 9*j + 9. Let i be n(-8). What is c(i)?
5
Let c(i) = 2*i - 1. Let b be -2*(-3)/(-6)*1. Let t(s) be the third derivative of -5*s**4/24 - s**3/6 + s**2. Let o be t(b). What is c(o)?
7
Let l = 1 - -2. Let h be -2 + 2*l + 1. Let b(m) = m**2 + h - 6 - 2*m**2 + 3*m**2 - 5*m**3. Give b(1).
-4
Let q(d) = d - 2. Let v(k) = 2*k - 14. Let f be v(10). Suppose 4*m - 5*m - 2*t + f = 0, -4*m - 4*t = -20. Let h = -2 + m. Give q(h).
0
Suppose 17*z = 13*z - 4. Let k(a) = 5*a. Let h(x) = x**2 - 11*x. Let c(n) = 4*h(n) + 9*k(n). What is c(z)?
3
Let i be (-16)/40 - 17/(-5). Let m(w) = -3*w + 4. Determine m(i).
-5
Let o(a) = 4*a**2 - 3*a - 4. Let d(n) = 5*n**2 - 4*n - 4. Suppose -3 = r - 0. Let c(g) = r*d(g) + 4*o(g). Determine c(0).
-4
Let u(z) = -z**3 - 4*z**2 + 2*z - 1. Let w = -24 + 20. What is u(w)?
-9
Let c(u) = 2*u**3 + 1 - 9*u**3 + 2*u**3 + 2*u**3. Let a = 5 - 6. Calculate c(a).
4
Let d(f) be the first derivative of -f**3/3 + 2*f**2 + 2*f + 12. Give d(3).
5
Let z(g) be the second derivative of 1/3*g**4 + 3*g + 0 + 0*g**2 - 1/20*g**5 + 2/3*g**3. What is z(5)?
-5
Let r(b) be the first derivative of b**2/2 - 10*b - 2. Let n(c) = -c**3 + 4*c**2 - 2*c + 2. Let a be n(3). Determine r(a).
-5
Let q be (-8)/12 + 2/3. Suppose -4*v + 0*v + 12 = q. Let m(s) = -2*s + s + 3*s. Determine m(v).
6
Let i(o) = -5*o**3 - 3*o**2 + 3*o + 12. Let y(a) = 4*a**3 + 3*a**2 - 2*a - 11. Let w be ((-12)/(-4))/(-3) + -5. Let c(k) = w*y(k) - 5*i(k). Give c(4).
10
Let f(w) = -w - 5. Suppose g - 3 = -0*c - 2*c, -12 = -4*g + 3*c. Let j = -3 - g. Give f(j).
1
Suppose p = -1 - 0. Let j(t) = -t**2 - 7*t - 2. Let l(s) = s**2 + 11*s + 3. Let x(q) = -8*j(q) - 5*l(q). Determine x(p).
3
Let a(b) = -b**3 + 4*b**2 + b - 5. Let l = 8 - 7. Suppose 3 = k - l. Give a(k).
-1
Let k(n) = -8*n + 0*n - 16 + 2*n + 5*n. Determine k(-7).
-9
Let k be ((-10)/(-4))/((-1)/(-4)). Let j be (-2)/k + 2/10. Let o(b) = b**3 + j*b**2 - 1 - 4 + 4*b**2. Calculate o(-4).
-5
Let n(x) = -3*x**2 + x + 1. Let s be (-10)/(-20) - (9/2)/3. What is n(s)?
-3
Let k(g) = -4*g**2 - 3*g - 1. Let s(w) = w**2 - 4*w - 8. Let o be s(5). Calculate k(o).
-28
Let l be 0 + -2 - (-15 + 3). Let y = -4 + l. Let x(w) = -3*w + 4*w - 2 + y. Give x(0).
4
Let v(n) = -8*n**2 + 2*n - 1. Let c be ((-13)/(-5) - 3)/(4/(-10)). What is v(c)?
-7
Let l(s) be the first derivative of -s**4/4 - s**3/3 + 3*s**2/2 - 2*s - 2. Let a(r) = 5*r - 4*r - 1 + 0*r - 3*r**2. Let w be a(1). Calculate l(w).
7
Let x(o) = -4*o**3 + 2*o**2 - 6*o + 7. Let a(y) = -9*y**3 + 4*y**2 - 13*y + 15. Let l(g) = 6*a(g) - 13*x(g). Determine l(-2).
7
Let s(r) = 4*r**2 - 8*r - 13. Let o(l) = -2*l**2 + 4*l + 6. Let j(a) = -13*o(a) - 6*s(a). What is j(4)?
16
Suppose 0 = -2*s - 0*s + 6. Let c(x) = -6*x - s + 0*x + x + 4*x. What is c(-4)?
1
Let j(w) = 4*w**2 - 5 - 393*w + 386*w - 5*w**2 + 3. Determine j(-5).
8
Let l(n) be the first derivative of 2*n**3/3 + n**2 - n + 1. Let t be (-2)/16 + (-318)/16. Let p be ((-4)/5)/((-8)/t). What is l(p)?
3
Suppose -3*o + 5 = -1. Suppose 3 = u - s + 6, -o*u + 3*s = 5. Let y(z) be the first derivative of -z**2 - 5*z + 1. What is y(u)?
3
Let o = 13 - 19. Let a(d) = -5*d - 6. Let g(b) = -b - 1. Let j(s) = o*g(s) + a(s). Suppose -4*y = -9*y + 4*v + 31, -2*v = -3*y + 17. Calculate j(y).
3
Let o(f) = 2*f**2 - 5*f + 4. Let h(j) = -j - 1. Let i be h(-4). Let c be (-11)/(-11)*1*i. Determine o(c).
7
Let d(c) = c**2 + 5*c. Let b be -8 - 0 - (7 + -9). What is d(b)?
6
Let z(i) = -i**3 + 9*i**2 - 5*i + 4. Let b(l) = -3*l**3 + 28*l**2 - 14*l + 12. Suppose 28 = 2*w + 2*w. Let f(o) = w*z(o) - 2*b(o). Determine f(6).
-2
Suppose -4*g + 11 = -1. Let j(w) = -w**3 - 4 - 4*w**2 + 0 + g*w + 0*w. Let d be (5/5)/(1/(-5)). Calculate j(d).
6
Suppose 2*k = -5*c - 9 + 32, 4*c + 2*k = 20. Let i(q) = q**3 + q**2 - 6 - 5*q + 0*q**c + 3*q**2 - 1. Suppose -2*u = u + 15. Calculate i(u).
-7
Let l(o) = -6*o + 1. Let b = 11 + -6. Suppose -t - 8 = -b*d - 0*t, 4*t = 2*d - 14. Calculate l(d).
-5
Let c(m) = 1. Let d(q) = q + 6. Let i(r) = -4*c(r) + d(r). Suppose 0 = s - 4*s + x, 4*s + 4*x = 0. Let g = -4 + s. Determine i(g).
-2
Let d(t) = -4*t - 5. Suppose y + 3 = -4*s + 8, -s + 3 = 0. Give d(y).
23
Let r(q) = -3*q**3 + 2*q**3 + 4*q**2 - 11*q + 6*q + 2. Give r(3).
-4
Let f(i) = -i**2 - 6*i - 4. Let v be (-51)/(-15) + 6/(-15). Suppose n = -3 - v. What is f(n)?
-4
Let s(w) = -w**2 + w + 1. Let a(y) = -6*y**2 + 11*y + 6. Let b(h) = a(h) - 5*s(h). Let f = 7 + -5. Suppose 0 = -f*i + 8, 0*x = -5*x + 5*i. Calculate b(x).
9
Let w(q) = -4*q + 1 - 4*q**2 + 3*q + 6*q + 3*q**2. Calculate w(5).
1
Let x(n) = 5*n - 16. Let l(r) = r - 3. Let w(z) = 11*